 are the prime factors of 5658605?
5, 1131721
What are the prime factors of 2197798659?
3, 7, 131, 283, 941
What are the prime factors of 24121980?
2, 3, 5, 17, 7883
What are the prime factors of 1814408169?
3, 7, 653, 132313
What are the prime factors of 2944953785?
5, 588990757
List the prime factors of 14413696.
2, 11, 29, 353
What are the prime factors of 865225359?
3, 96136151
List the prime factors of 2272923816.
2, 3, 94705159
List the prime factors of 59370643.
67, 886129
What are the prime factors of 484694747?
484694747
What are the prime factors of 497633721?
3, 13, 83, 153733
List the prime factors of 28555415.
5, 7, 815869
What are the prime factors of 459899124?
2, 3, 73, 524999
What are the prime factors of 158212191?
3, 743, 70979
List the prime factors of 179264371.
11, 13, 17, 37, 1993
List the prime factors of 363529161.
3, 47, 286469
What are the prime factors of 33984922?
2, 181, 269, 349
List the prime factors of 947806382.
2, 83, 5709677
What are the prime factors of 115710508?
2, 823, 35149
What are the prime factors of 31673127?
3, 10557709
List the prime factors of 280945123.
83, 181, 18701
List the prime factors of 224788798.
2, 13, 23, 375901
List the prime factors of 13589148.
2, 3, 1132429
What are the prime factors of 50673872?
2, 17, 186301
What are the prime factors of 991958707?
19, 52208353
What are the prime factors of 464286878?
2, 11, 23, 37, 24799
List the prime factors of 555833650.
2, 5, 11116673
What are the prime factors of 138264098?
2, 7, 163, 60589
List the prime factors of 342594021.
3, 7, 11, 1483091
What are the prime factors of 1061219932?
2, 1093, 242731
List the prime factors of 30377770.
2, 5, 19, 101, 1583
What are the prime factors of 108702216?
2, 3, 7, 17, 4229
List the prime factors of 113939245.
5, 7, 227, 14341
What are the prime factors of 90743305?
5, 18148661
List the prime factors of 1118639645.
5, 1979, 113051
What are the prime factors of 24904589?
37, 41, 16417
List the prime factors of 639204091.
639204091
List the prime factors of 889635535.
5, 491, 362377
What are the prime factors of 1728417108?
2, 3, 11, 13094069
List the prime factors of 57965285.
5, 7, 73, 463
What are the prime factors of 38231528?
2, 59, 107, 757
What are the prime factors of 7084383426?
2, 3, 393576857
What are the prime factors of 2393062660?
2, 5, 43, 2782631
List the prime factors of 1577931695.
5, 59, 199, 26879
List the prime factors of 49371195.
3, 5, 29, 113497
What are the prime factors of 805038094?
2, 7, 17, 19, 53, 3359
List the prime factors of 80317375.
5, 409, 1571
List the prime factors of 70454023.
1619, 43517
What are the prime factors of 2893564708?
2, 97, 7457641
List the prime factors of 927050623.
2069, 448067
What are the prime factors of 22158852?
2, 3, 1846571
What are the prime factors of 137538600?
2, 3, 5, 41, 5591
List the prime factors of 67597798.
2, 33798899
List the prime factors of 10657475.
5, 109, 3911
What are the prime factors of 109476290?
2, 5, 7, 11, 19, 1069
What are the prime factors of 929248296?
2, 3, 38718679
What are the prime factors of 111184973?
211, 526943
List the prime factors of 794565976.
2, 99320747
What are the prime factors of 3010837538?
2, 1505418769
What are the prime factors of 43098989?
557, 77377
List the prime factors of 271807388.
2, 19, 3576413
List the prime factors of 1116668521.
2153, 518657
What are the prime factors of 542967575?
5, 21718703
What are the prime factors of 454861854?
2, 3, 25270103
What are the prime factors of 527508357?
3, 947, 185677
List the prime factors of 54523452.
2, 3, 1231, 3691
List the prime factors of 426792226.
2, 7, 197, 154747
List the prime factors of 39690874.
2, 19845437
List the prime factors of 333274193.
7, 19, 179, 13999
List the prime factors of 31235639.
19, 29, 83, 683
List the prime factors of 720476808.
2, 3, 19, 1579993
List the prime factors of 2977168201.
7, 425309743
List the prime factors of 5392006.
2, 2696003
List the prime factors of 157407976.
2, 11, 1788727
List the prime factors of 67834940.
2, 5, 19, 178513
What are the prime factors of 404032735?
5, 73, 1106939
List the prime factors of 55154247.
3, 83, 359, 617
List the prime factors of 57309651.
3, 7, 499, 1823
List the prime factors of 43815869.
43815869
List the prime factors of 68996016.
2, 3, 59, 2707
List the prime factors of 141502182.
2, 3, 23583697
List the prime factors of 46970853.
3, 23, 179, 3803
What are the prime factors of 96862142?
2, 13, 197, 18911
List the prime factors of 137996812.
2, 137, 419, 601
What are the prime factors of 62421253?
29, 2152457
List the prime factors of 218207771.
613, 355967
What are the prime factors of 641638483?
641638483
What are the prime factors of 428077?
13, 17, 149
List the prime factors of 3444361997.
3444361997
List the prime factors of 429221159.
429221159
What are the prime factors of 265518766?
2, 877, 151379
List the prime factors of 7971512804.
2, 37, 197, 373, 733
List the prime factors of 223036923.
3, 17, 61, 71693
List the prime factors of 613498479.
3, 11, 53, 350771
What are the prime factors of 289949417?
31, 41, 228127
What are the prime factors of 613641610?
2, 5, 23, 67, 39821
What are the prime factors of 69530371?
29, 71, 33769
List the prime factors of 167364952.
2, 41, 617, 827
What are the prime factors of 284509131?
3, 94836377
List the prime factors of 265882156.
2, 149, 446111
List the prime factors of 229141647.
3, 7, 3637169
List the prime factors of 2281238593.
263, 8673911
What are the prime factors of 942038472?
2, 3, 1439, 27277
What are the prime factors of 2784562009?
67, 41560627
What are the prime factors of 55573028?
2, 7, 43, 101, 457
List the prime factors of 1806018133.
2767, 652699
List the prime factors of 197557111.
101, 1956011
List the prime factors of 4216454.
2, 11, 191657
What are the prime factors of 6547449?
3, 277, 7879
List the prime factors of 2492541480.
2, 3, 5, 11, 13, 145253
What are the prime factors of 3863560992?
2, 3, 71, 131, 4327
What are the prime factors of 89979724?
2, 107, 210233
List the prime factors of 247553649.
3, 7, 293, 13411
List the prime factors of 2640627094.
2, 7, 3187, 59183
What are the prime factors of 4461235?
5, 61, 14627
List the prime factors of 7714027748.
2, 7, 131, 827, 2543
What are the prime factors of 853987562?
2, 23, 18564947
List the prime factors of 69509880.
2, 3, 5, 11, 5851
List the prime factors of 22509317.
31, 726107
What are the prime factors of 2377693255?
5, 7, 67934093
What are the prime factors of 232234567?
47, 4941161
List the prime factors of 53133011.
97, 547763
What are the prime factors of 614797334?
2, 4397, 69911
What are the prime factors of 952010569?
952010569
What are the prime factors of 3337968799?
11, 3121, 8839
List the prime factors of 27702739.
3307, 8377
List the prime factors of 20075464.
2, 2509433
List the prime factors of 592070701.
592070701
What are the prime factors of 67360441?
67360441
List the prime factors of 26912516.
2, 6728129
List the prime factors of 670546019.
11, 13, 4689133
List the prime factors of 3113792303.
31, 100444913
List the prime factors of 23068267.
179, 128873
What are the prime factors of 2952883922?
2, 107, 13798523
List the prime factors of 251940520.
2, 5, 13, 73, 6637
List the prime factors of 405302969.
7247, 55927
List the prime factors of 1741528539.
3, 149, 432893
What are the prime factors of 518006517?
3, 7, 24666977
List the prime factors of 6314897274.
2, 3, 7, 6521, 23057
List the prime factors of 960638698.
2, 480319349
What are the prime factors of 384681594?
2, 3, 11, 83, 70223
List the prime factors of 4241525862.
2, 3, 7, 73, 353, 3919
What are the prime factors of 54118545?
3, 5, 13, 277531
What are the prime factors of 150055395?
3, 5, 7, 109, 1873
What are the prime factors of 101802567?
3, 97, 349837
List the prime factors of 79604565.
3, 5, 29, 182999
What are the prime factors of 1519000209?
3, 397, 47237
What are the prime factors of 5511225654?
2, 3, 11, 27834473
List the prime factors of 33887575.
5, 1355503
What are the prime factors of 158434904?
2, 167, 118589
What are the prime factors of 674148116?
2, 149, 1131121
List the prime factors of 4674885360.
2, 3, 5, 83, 234683
What are the